) + 100 + -1?
86
Let f = 446 - 196. Suppose 93*u - 118*u + f = 0. Let c = 245 - 148. What is the remainder when c is divided by u?
7
Let c be (0 - (-5)/15)*27. Suppose 5*j = -5*z + 50, c = 3*z + j - 19. What is the remainder when 30 is divided by z?
3
Let g(b) = b**2 - 2*b. Let t(v) = 3198*v + 12894. Calculate the remainder when t(-4) is divided by g(5).
12
Let f = 2059 - 2015. Calculate the remainder when 212 is divided by f.
36
Let s = 18277 + -13168. What is the remainder when s is divided by 11?
5
Suppose 5463*q = 5458*q + 210. Calculate the remainder when 2810 is divided by q.
38
Let v(b) = 337*b**2 + 10*b + 10. Let t be v(-1). Let y = t - 320. Calculate the remainder when 96 is divided by y.
11
Let v = 280 - 265. Suppose -v*p - 20 = -25*p. Calculate the remainder when p is divided by 2.
0
Suppose -184*i + 359 - 181 + 558 = 0. What is the remainder when 131 is divided by i?
3
Suppose -2*q - 6706 = -3*b, 0 = 49*q - 52*q - 15. What is the remainder when b is divided by 26?
22
Let c be (15/(-6))/(1/(-50)). Let i = c + -59. Let l(w) = 7*w - 18. What is the remainder when i is divided by l(5)?
15
Suppose 5525 = -187*m + 7833 + 10595. What is the remainder when 249 is divided by m?
42
Suppose -2*s + 5*k + 112 = -138, s = 3*k + 124. Suppose x = 4*y + 106, -386 = -x - 3*x - 3*y. What is the remainder when x is divided by s/8 + 24/32?
13
Suppose -165 = 9*m - 777. Let a(w) = -w**3 + 12*w**2 + 13*w + 4. Let v be a(13). Suppose -v*r + 10 = -3*r. Calculate the remainder when m is divided by r.
8
What is the remainder when (-810)/648 - (((-13671)/(-4))/(-7) + 3) is divided by 222?
40
Let k be (-11)/((-363)/(-5434))*(-6)/(-4). Let v = k - -251. What is the remainder when 89 is divided by v?
1
Let y = -4160 - -5163. What is the remainder when y is divided by 56?
51
Let t = -91 + 44. Let f = 26 - t. Suppose 0 = 2*x - 163 - f. What is the remainder when x is divided by 12?
10
Calculate the remainder when (-42*3/(-15))/((1395/(-525))/(-31)) is divided by 48.
2
Let c = -103 - -131. What is the remainder when 6*17*15/(-2 + 7) is divided by c?
26
Suppose -5*j + 785 = 5*a, -24*a = -23*a + 4*j - 139. Calculate the remainder when 497 is divided by a.
8
Suppose 0 = u - 0*u - 1. Let l be 12/7 - 2 - (-18)/63. Let w = u + l. Calculate the remainder when 4 is divided by w.
0
Let s(h) = -h**2 - 27*h + 9. Let n be s(-7). Let c = 164 - n. What is the remainder when 26 is divided by c?
11
Suppose 2*q - 2*a - 55 = -3*q, 3 = 2*q + 3*a. What is the remainder when 3/q + (-2910)/(-45) is divided by 1*4/(-6)*-51?
31
Suppose 0 = -5*s - 11 - 44. Let k be (-18 + -1)/(s/22). Suppose -5*w + k + 12 = 0. Calculate the remainder when 39 is divided by w.
9
Let g(i) = -i**3 + 15*i**2 + 85*i - 15. What is the remainder when g(19) is divided by 47?
15
Suppose -3*a + 325 = 4*d, -5*d - 102 = a - 2*a. Let f = 88 - 68. Calculate the remainder when a is divided by (0 - (-15)/f)*(47 + 1).
35
Let k = -85 - -144. Let y = k + -61. What is the remainder when 11 is divided by (4*(-6)/(-8))/(y/(-2))?
2
Let p(c) = -c**3 + 8*c**2 - 2*c - 7. Let l(o) = -5*o - 991 + 1109 + 15*o. Calculate the remainder when p(6) is divided by l(-9).
25
Suppose 4*s - 3*r = 3041, 0 = -13*s + 10*s + 4*r + 2272. Calculate the remainder when s is divided by 85.
84
Let f(j) = 10*j - 125. Suppose -7*b - 53 = -2*z - 2*b, 107 = 5*z - 4*b. Calculate the remainder when f(z) is divided by 40.
25
Let j = 117 + -116. Calculate the remainder when 61 is divided by (-1 - j*2)*(-125 - -117).
13
Let x = 7472 - 7405. Calculate the remainder when x is divided by 35.
32
Let f(s) = 42*s + 111. What is the remainder when f(17) is divided by 119?
111
Calculate the remainder when 229 is divided by (1 - 14) + 19 + (2 - 4) + 52.
5
Let k(r) = -4*r + 62. Let z be k(15). Let s(x) = -10*x**2 + 4*x**2 + 0*x**z + 2*x**3 - 2*x - 2. What is the remainder when s(5) is divided by 18?
16
Let r(z) = 7*z**3 + 1336*z**2 - 199*z - 1493. What is the remainder when 621/2 + (-2)/(-4) is divided by r(-191)?
31
Let d(m) be the third derivative of m**5/60 - 5*m**4/24 + 8*m**3/3 + 18*m**2. What is the remainder when 175 is divided by d(0)?
15
Suppose -236*z = -240*z - 24. Calculate the remainder when 5/(105/z) + 2664/63 is divided by 28.
14
Let a(w) = w**3 - 32*w**2 - 129*w - 511. Calculate the remainder when 333 is divided by a(36).
14
Let j = 40 - 60. Let o(f) = -6*f + 64. Calculate the remainder when o(j) is divided by 63.
58
Suppose -p + 2*u + 14 = 0, 5*u - 4*u - 49 = -3*p. Let g(t) = -7*t - 14. Let m be (-6)/((-1)/4 + 1). What is the remainder when g(m) is divided by p?
10
Let z(t) = -730*t**2 + 34*t + 747*t**2 - 28*t + 8. Let u(o) = -o - 2. Let c be u(2). Calculate the remainder when z(c) is divided by 37.
34
Calculate the remainder when 1330 is divided by 17*3 - (66 + -58).
40
Suppose -7*j + 12*j - 5145 = 0. Calculate the remainder when 1/(6/(-8) - j/(-1356)) is divided by 29.
26
Let c(i) = i**3 - 11*i**2 - 17*i + 10. Suppose 0 = 3*m + 3, -7*h - 31 = -9*h + 5*m. What is the remainder when c(h) is divided by 26?
23
Let s = -496 + 244. Let f = -171 - s. Let o = -262 - -303. Calculate the remainder when f is divided by o.
40
Let a(d) = -2*d**3 + 17*d**2 - 2*d + 11. Let n be a(9). Let h = n - 13. Let t = h + 112. Calculate the remainder when 29 is divided by t.
7
Let m = -18974 + 26467. Calculate the remainder when m is divided by 46.
41
Suppose -843848 = -221*d - 92*d. What is the remainder when d is divided by 46?
28
Let x(f) = -230*f + 5588. Calculate the remainder when x(24) is divided by 4.
0
Let z be (6 - 12)*(-12)/9. Suppose 19 + 21 = -z*y. Let k(t) = -6*t - 14. Calculate the remainder when 46 is divided by k(y).
14
Suppose 4*o - 1709 = 3*d + 191, 5*d = 4*o - 1892. Calculate the remainder when o is divided by 21.
16
Let a be (-7)/(1/(-2) + -3). Suppose -8*h - 74 = -a*k - 4*h, 5*k = h + 140. Calculate the remainder when (-1)/(-1) + (47 - -4) is divided by k.
25
What is the remainder when 18/(-45)*50135/(-74) is divided by 46?
41
Suppose -p - 10*z - 2 = -5*z, 3*z - 31 = -2*p. Suppose -1130 = -p*i - 417. Suppose -2 - 116 = -2*d. What is the remainder when d is divided by i?
28
Let i(b) = -23*b**3 - 7*b - 18. What is the remainder when i(-2) is divided by 11 + 48 - (-2 + -2)?
54
What is the remainder when 16948 is divided by (0 - (-3 + 3)) + (-8)/(-16)*50?
23
Let n(v) = -13*v - 4. What is the remainder when (-229)/(-1) - (-13 + -9 + (3 - -11)) is divided by n(-4)?
45
Let p = -2761 + 2821. What is the remainder when 363 is divided by p?
3
Suppose 36*i - 200 = 11*i. Suppose i*h - 264 = -0*h. Let y(v) = 12*v + 4. What is the remainder when y(5) is divided by h?
31
Let i(g) = -2*g**2 + g + 3. Suppose 0*b + o = 2*b + 10, 4*b + 24 = 3*o. Let q be i(b). Let p = -4 - q. What is the remainder when 40 is divided by p?
12
Suppose 3*a - 24 = -5*a. Suppose -h - 24 = 2*d, a*h + 4*d + 120 = -2*h. Let x(z) = z**2 + 22*z - 42. Calculate the remainder when x(h) is divided by 2.
0
Suppose 433*p - 144*p - 148029 - 199927 = 0. Calculate the remainder when p is divided by 76.
64
Calculate the remainder when 565 is divided by 24/(-6 + 3250/525).
61
Let t(a) = -a**2 - 6*a + 9. Let r = 122 - 129. Let i be t(r). What is the remainder when ((1 - 4) + 1)*(-89)/i is divided by 23?
20
Let o be -8 + -2*3/(-2). Let q(m) = m**3 + 2*m**2 - 16*m + 3. Let z(h) = h**3 - h + 85. What is the remainder when z(0) is divided by q(o)?
5
Let x(c) = 88*c**2 - 10*c - 15. Let f be x(-2). Suppose -5*j = -3*j - 4*m - 238, -3*j = -4*m - f. What is the remainder when j is divided by 25?
19
Let c(m) = -42*m + 777. What is the remainder when 556 is divided by c(18)?
10
Let l(a) = 22*a**2 - 79*a - 698. Calculate the remainder when l(-8) is divided by 83.
14
Let p(w) = 51*w**3 + 2*w**2 - 5*w + 3. Let c(s) = -s**2 + 8*s + 10. Let j be c(9). What is the remainder when p(j) is divided by 27?
24
Let g(o) = 3*o - 9. Let x be ((-6)/1)/((-9)/6). Calculate the remainder when (-7 - (-231)/35)*(-45)/6 is divided by g(x).
0
Suppose 0 = -5*h + 13*n - 10*n + 1182, h + 5*n - 242 = 0. Let f = 21 + h. What is the remainder when f is divided by 29?
26
Let a = -42 + 46. What is the remainder when 46 is divided by 7365/435 + a/58?
12
Suppose -5*a + 2*z = -51 - 497, z + 220 = 2*a. Suppose 0 = k + 27 - 87. Calculate the remainder when